mmon divisor of 16 and 25768.
8
What is the greatest common factor of 6071754 and 482?
482
What is the greatest common divisor of 36 and 5918604?
12
What is the highest common divisor of 500266 and 182?
26
What is the greatest common factor of 1696 and 9312?
32
Calculate the greatest common divisor of 99 and 1192422.
33
What is the greatest common factor of 6939 and 185811?
771
Calculate the greatest common divisor of 55873 and 354.
59
What is the greatest common factor of 1734 and 714?
102
Calculate the greatest common divisor of 76728 and 414.
138
What is the greatest common divisor of 380 and 7740?
20
What is the highest common divisor of 441 and 10899?
63
What is the highest common divisor of 5733 and 22464?
117
Calculate the highest common factor of 41635 and 110.
55
What is the highest common divisor of 35606 and 147109?
937
What is the greatest common divisor of 42542 and 1424?
178
What is the greatest common divisor of 3344 and 423852?
836
Calculate the highest common divisor of 14817 and 330.
33
What is the highest common divisor of 57 and 2529147?
57
Calculate the greatest common factor of 234 and 48022.
26
Calculate the greatest common factor of 28124 and 1424.
356
What is the greatest common divisor of 140 and 4220?
20
What is the greatest common factor of 2996 and 1386?
14
Calculate the highest common factor of 77 and 1397.
11
Calculate the greatest common factor of 4974 and 96.
6
What is the greatest common factor of 2520 and 2016?
504
What is the highest common divisor of 603668 and 28?
4
Calculate the greatest common divisor of 6099 and 25251.
57
Calculate the highest common divisor of 3 and 31767.
3
What is the highest common divisor of 840 and 66192?
168
Calculate the highest common divisor of 44136 and 576.
72
What is the greatest common divisor of 10430 and 140?
70
Calculate the highest common divisor of 44 and 1838287.
11
What is the highest common divisor of 51 and 19329?
51
What is the highest common divisor of 3603 and 12?
3
Calculate the highest common factor of 1852 and 1193614.
926
Calculate the greatest common divisor of 565 and 21809.
113
What is the highest common factor of 259424 and 224?
32
Calculate the greatest common divisor of 176 and 3852552.
88
Calculate the highest common factor of 234 and 14526.
18
Calculate the greatest common divisor of 5062764 and 63.
21
What is the greatest common factor of 77 and 155925?
77
What is the highest common divisor of 203784 and 126?
42
What is the greatest common divisor of 23 and 3394133?
23
What is the highest common divisor of 378537 and 1653?
1653
Calculate the highest common divisor of 625130 and 66.
22
What is the highest common divisor of 300051 and 54?
27
What is the greatest common factor of 682619 and 441?
49
Calculate the highest common factor of 367521 and 924.
231
What is the highest common factor of 1745 and 35947?
349
What is the greatest common factor of 1808 and 3764?
4
Calculate the greatest common factor of 4013724 and 12.
12
What is the greatest common factor of 254772 and 5292?
756
What is the greatest common factor of 5335 and 38315?
485
Calculate the highest common divisor of 48 and 67476.
12
What is the highest common divisor of 6160 and 3310?
10
Calculate the highest common divisor of 11388659 and 101.
101
Calculate the greatest common divisor of 1771 and 2024.
253
Calculate the highest common divisor of 14812 and 1316.
28
What is the highest common factor of 119 and 9989?
7
What is the greatest common divisor of 44517 and 329156?
1349
Calculate the greatest common factor of 5804 and 8.
4
Calculate the greatest common factor of 158088 and 112.
56
Calculate the greatest common divisor of 60 and 4610.
10
Calculate the greatest common factor of 217 and 49693.
217
What is the highest common factor of 15218 and 182?
14
Calculate the highest common factor of 34017 and 3451.
493
Calculate the greatest common factor of 644 and 10591868.
644
What is the highest common divisor of 222030 and 30?
30
Calculate the highest common divisor of 19372 and 62756.
116
Calculate the greatest common factor of 2466 and 54.
18
What is the highest common divisor of 482027 and 637?
91
What is the highest common factor of 26483 and 32078?
373
Calculate the highest common divisor of 316628 and 52.
52
Calculate the greatest common divisor of 10038990 and 1170.
390
What is the greatest common divisor of 272 and 8228?
68
Calculate the greatest common factor of 108295 and 4475.
895
What is the greatest common factor of 36 and 149904?
36
What is the greatest common factor of 91 and 111363?
7
What is the greatest common factor of 215886 and 462?
66
What is the highest common factor of 38 and 10469?
19
What is the highest common divisor of 7422 and 21?
3
What is the highest common divisor of 110 and 3865906?
22
Calculate the highest common factor of 52 and 2452.
4
Calculate the greatest common divisor of 1936 and 46222.
242
What is the greatest common factor of 276 and 7776?
12
What is the highest common divisor of 42921 and 38?
19
What is the highest common factor of 933493 and 3004?
751
What is the greatest common divisor of 111678 and 63?
21
Calculate the greatest common factor of 97706 and 8526.
98
What is the greatest common factor of 522 and 23184?
18
What is the highest common factor of 265597 and 47?
47
What is the highest common divisor of 62 and 140399?
31
Calculate the greatest common factor of 2450 and 32235.
35
What is the greatest common divisor of 103632 and 3?
3
What is the greatest common factor of 89100 and 75?
75
What is the highest common factor of 786120 and 120?
120
What is the highest common factor of 1965 and 165?
15
What is the greatest common factor of 100 and 610475?
25
Calculate the highest common factor of 608 and 280744.
152
Calculate the highest common factor of 1750 and 119.
7
What is the highest common divisor of 12452 and 2464?
44
What is the greatest common divisor of 888 and 4528?
8
What is the highest common factor of 94772 and 6032?
116
What is the greatest common factor of 1653 and 88160?
551
Calculate the highest common divisor of 738452 and 1144.
572
What is the highest common factor of 654453 and 27?
27
What is the greatest common divisor of 31043 and 37?
37
What is the highest common divisor of 216 and 377730?
54
Calculate the greatest common factor of 76677 and 3111.
183
Calculate the highest common factor of 1274004 and 1032.
516
What is the greatest common divisor of 3887 and 2535?
169
What is the highest common factor of 19005 and 210?
105
What is the highest common factor of 128154 and 403?
403
What is the greatest common factor of 238 and 226321?
17
Calculate the greatest common factor of 1356 and 339.
339
What is the highest common divisor of 138834 and 162?
162
What is the greatest common divisor of 6213762 and 236?
118
What is the greatest common factor of 408 and 57766?
34
What is the greatest common factor of 443131 and 89?
89
Calculate the greatest common divisor of 70 and 46570.
10
Calculate the highest common factor of 642000 and 10500.
1500
What is the highest common factor of 111148 and 163718?
1502
What is the highest common factor of 89796 and 140?
28
What is the greatest common divisor of 190 and 9956?
38
Calculate the highest common divisor of 628 and 9824.
4
Calculate the highest common divisor of 4 and 11308.
4
Calculate the highest common divisor of 108448 and 384.
32
What is the greatest common factor of 422963 and 687?
229
Calculate the highest common divisor of 2376 and 13134.
66
Calculate the highest common divisor of 4 and 3790.
2
What is the greatest common divisor of 102 and 4797468?
102
Calculate the highest common divisor of 124083 and 459.
153
What is the highest common divisor of 3396 and 39?
3
Calculate the greatest common factor of 668520 and 619.
619
Calculate the highest common factor of 294 and 1944.
6
What is the greatest common factor of 784 and 4258296?
392
What is the highest common divisor of 7119 and 215019?
63
What is the greatest common divisor of 1904 and 1022?
14
What is the highest common factor of 43 and 2770920?
43
Calculate the highest common factor of 897 and 1027.
13
What is the highest common divisor of 289017 and 153?
153
Calculate the highest common factor of 29822 and 1222.
26
